ctor of 2 and 192?
2
What is the highest common divisor of 648 and 24?
24
Calculate the highest common divisor of 70 and 742.
14
What is the highest common factor of 112 and 1456?
112
What is the greatest common divisor of 39 and 507?
39
What is the highest common divisor of 208 and 1612?
52
What is the greatest common factor of 2004 and 12?
12
Calculate the greatest common divisor of 88 and 19492.
44
Calculate the highest common factor of 595 and 70.
35
What is the highest common divisor of 152 and 247?
19
What is the highest common factor of 96 and 36?
12
Calculate the highest common factor of 210 and 42.
42
Calculate the highest common factor of 58 and 2378.
58
What is the greatest common factor of 609 and 725?
29
Calculate the highest common divisor of 45 and 20.
5
What is the highest common factor of 7866 and 456?
114
Calculate the greatest common divisor of 580 and 232.
116
What is the greatest common divisor of 1221 and 33?
33
Calculate the highest common factor of 15 and 135.
15
What is the greatest common divisor of 153 and 357?
51
What is the highest common factor of 204 and 6171?
51
Calculate the greatest common factor of 6489 and 63.
63
Calculate the highest common divisor of 5358 and 4512.
282
What is the greatest common factor of 187 and 663?
17
What is the greatest common divisor of 47 and 188?
47
Calculate the highest common divisor of 51 and 15.
3
What is the greatest common factor of 1120 and 35?
35
Calculate the greatest common factor of 34 and 23341.
17
Calculate the greatest common factor of 164 and 1189.
41
Calculate the highest common factor of 175 and 105.
35
What is the highest common divisor of 20 and 32?
4
Calculate the highest common factor of 702 and 26.
26
What is the greatest common divisor of 460 and 90?
10
Calculate the highest common factor of 189 and 252.
63
What is the highest common factor of 12 and 56?
4
What is the highest common factor of 6 and 180?
6
What is the greatest common divisor of 18176 and 710?
142
What is the greatest common divisor of 2709 and 3?
3
Calculate the greatest common factor of 225 and 90.
45
What is the greatest common divisor of 5696 and 192?
64
Calculate the highest common divisor of 3055 and 1880.
235
Calculate the highest common divisor of 14 and 791.
7
Calculate the greatest common factor of 25 and 4075.
25
Calculate the greatest common divisor of 2700 and 140.
20
Calculate the greatest common divisor of 2 and 68.
2
Calculate the highest common factor of 2021 and 188.
47
What is the highest common factor of 168 and 812?
28
What is the highest common divisor of 4 and 2878?
2
Calculate the highest common divisor of 1529 and 308.
11
Calculate the greatest common factor of 60 and 180.
60
Calculate the greatest common divisor of 167 and 16032.
167
Calculate the greatest common divisor of 26 and 8983.
13
What is the highest common factor of 646 and 578?
34
Calculate the highest common factor of 7 and 973.
7
What is the highest common factor of 18 and 234?
18
Calculate the greatest common divisor of 648 and 810.
162
What is the highest common divisor of 107 and 321?
107
What is the greatest common factor of 646 and 988?
38
What is the highest common factor of 3645 and 675?
135
Calculate the highest common divisor of 84 and 4368.
84
Calculate the highest common factor of 171 and 45.
9
What is the highest common divisor of 98 and 539?
49
Calculate the greatest common divisor of 2256 and 48.
48
What is the highest common factor of 21 and 51?
3
What is the greatest common divisor of 352 and 32?
32
What is the highest common divisor of 12688 and 208?
208
What is the greatest common factor of 948 and 22?
2
What is the greatest common divisor of 6 and 7023?
3
Calculate the highest common divisor of 25 and 100.
25
Calculate the greatest common factor of 238 and 1326.
34
What is the greatest common factor of 142 and 1917?
71
Calculate the highest common factor of 824 and 8.
8
Calculate the greatest common factor of 943 and 1025.
41
What is the greatest common factor of 92 and 1380?
92
What is the greatest common divisor of 1155 and 220?
55
What is the greatest common divisor of 64 and 6528?
64
What is the highest common divisor of 62125 and 994?
497
Calculate the greatest common divisor of 4 and 8638.
2
What is the highest common divisor of 98 and 112?
14
What is the greatest common factor of 432 and 81?
27
Calculate the highest common divisor of 943 and 69.
23
What is the highest common factor of 32703 and 33?
33
Calculate the greatest common factor of 161 and 2323.
23
Calculate the highest common divisor of 64 and 1984.
64
Calculate the greatest common divisor of 375 and 75.
75
Calculate the greatest common divisor of 408 and 120.
24
Calculate the greatest common divisor of 8 and 68.
4
What is the highest common factor of 658 and 94?
94
Calculate the greatest common divisor of 304 and 23864.
152
Calculate the greatest common divisor of 26 and 17173.
13
Calculate the highest common divisor of 81 and 2133.
27
Calculate the greatest common divisor of 81 and 8586.
81
Calculate the greatest common divisor of 6885 and 105.
15
What is the greatest common factor of 810 and 3270?
30
Calculate the highest common divisor of 2668 and 138.
46
Calculate the highest common factor of 84 and 35.
7
What is the highest common factor of 2235 and 15?
15
What is the highest common divisor of 3 and 393?
3
What is the greatest common factor of 252 and 28?
28
Calculate the highest common divisor of 2669 and 17.
17
Calculate the greatest common divisor of 32 and 1696.
32
Calculate the highest common factor of 132 and 48.
12
Calculate the highest common divisor of 17790 and 5.
5
Calculate the highest common divisor of 154 and 1526.
14
Calculate the greatest common factor of 549 and 671.
61
What is the greatest common divisor of 26 and 41158?
26
What is the highest common factor of 259 and 111?
37
What is the greatest common factor of 65 and 2795?
65
What is the greatest common divisor of 1655 and 5?
5
What is the highest common divisor of 355 and 71?
71
What is the highest common divisor of 87 and 106662?
87
What is the highest common factor of 6372 and 18?
18
Calculate the greatest common divisor of 288 and 459.
9
What is the highest common factor of 130 and 250?
10
Calculate the highest common factor of 14 and 238.
14
Calculate the highest common divisor of 9 and 288.
9
What is the greatest common factor of 224 and 18088?
56
What is the greatest common factor of 91 and 63?
7
What is the highest common divisor of 4654 and 26?
26
What is the greatest common divisor of 4032 and 2496?
192
Calculate the greatest common factor of 533 and 26.
13
What is the highest common divisor of 345 and 3657?
69
What is the highest common factor of 306 and 90?
18
What is the highest common factor of 65 and 520?
65
Calculate the greatest common divisor of 38 and 482.
2
Calculate the greatest common factor of 468 and 828.
36
Calculate the highest common divisor of 869 and 11.
11
What is the greatest common divisor of 164 and 246?
82
What is the greatest common divisor of 17 and 289?
17
Calculate the highest common factor of 2669 and 4553.
157
What is the highest common factor of 24722 and 94?
94
Calculate the greatest common factor of 1415 and 35.
5
What is the highest common divisor of 51 and 29937?
51
What is the highest common factor of 24 and 1236?
12
What is the highest common divisor of 1188 and 253?
11
What is the greatest common factor of 189 and 54?
27
Calculate the greatest common factor of 106 and 265.
53
What is the highest common divisor of 399 and 1539?
57
Calculate the greatest common factor of 16550 and 100.
50
What is the highest common divisor of 533 and 39?
13
What is the highest common divisor of 481 and 13?
13
Calculate the highest common divisor of 1053 and 9.
9
What is the highest common divisor of 59904 and 32?
32
What is the highest common divisor of 165 and 66?
33
Calculate the highest common divisor of 850 and 204.
34
What is the greatest common factor of 39 and 7683?
39
What is the greatest common divisor of 20 and 295?
5
Calculate the greatest common factor of 6 and 87.
3
Calculate the highest common divisor of 432 and 10704.
48
What is the highest common factor of 22140 and 41?
41
Calculate the highest